{"id":323,"date":"2021-07-20T10:32:58","date_gmt":"2021-07-20T10:32:58","guid":{"rendered":"https:\/\/sarves.com.br\/chamada\/?page_id=323"},"modified":"2024-10-31T12:48:11","modified_gmt":"2024-10-31T12:48:11","slug":"quem-somos","status":"publish","type":"page","link":"https:\/\/sarves.com.br\/chamada\/quem-somos\/","title":{"rendered":"Quem somos"},"content":{"rendered":"\t\t<div data-elementor-type=\"wp-page\" data-elementor-id=\"323\" class=\"elementor elementor-323\" data-elementor-post-type=\"page\">\n\t\t\t\t\t\t\t\t\t<section class=\"elementor-section elementor-top-section elementor-element elementor-element-f91d843 elementor-section-boxed elementor-section-height-default elementor-section-height-default\" data-id=\"f91d843\" data-element_type=\"section\">\n\t\t\t\t\t\t<div class=\"elementor-container elementor-column-gap-no\">\n\t\t\t\t\t<div class=\"elementor-column elementor-col-66 elementor-top-column elementor-element elementor-element-ae2bbdb\" data-id=\"ae2bbdb\" data-element_type=\"column\">\n\t\t\t<div class=\"elementor-widget-wrap elementor-element-populated\">\n\t\t\t\t\t\t\t\t<div class=\"elementor-element elementor-element-6828115 elementor-widget elementor-widget-heading\" data-id=\"6828115\" data-element_type=\"widget\" data-widget_type=\"heading.default\">\n\t\t\t\t<div class=\"elementor-widget-container\">\n\t\t\t<style>\/*! elementor - v3.17.0 - 08-11-2023 *\/\n.elementor-heading-title{padding:0;margin:0;line-height:1}.elementor-widget-heading .elementor-heading-title[class*=elementor-size-]>a{color:inherit;font-size:inherit;line-height:inherit}.elementor-widget-heading .elementor-heading-title.elementor-size-small{font-size:15px}.elementor-widget-heading .elementor-heading-title.elementor-size-medium{font-size:19px}.elementor-widget-heading .elementor-heading-title.elementor-size-large{font-size:29px}.elementor-widget-heading .elementor-heading-title.elementor-size-xl{font-size:39px}.elementor-widget-heading .elementor-heading-title.elementor-size-xxl{font-size:59px}<\/style><h6 class=\"elementor-heading-title elementor-size-default\">Quem somos<\/h6>\t\t<\/div>\n\t\t\t\t<\/div>\n\t\t\t\t<div class=\"elementor-element elementor-element-bebd7bc elementor-widget elementor-widget-heading\" data-id=\"bebd7bc\" data-element_type=\"widget\" data-widget_type=\"heading.default\">\n\t\t\t\t<div class=\"elementor-widget-container\">\n\t\t\t<h1 class=\"elementor-heading-title elementor-size-default\">A Obra Mission\u00e1ria Chamada da Meia-Noite \u00e9 um minist\u00e9rio interdenominacional<\/h1>\t\t<\/div>\n\t\t\t\t<\/div>\n\t\t\t\t<div class=\"elementor-element elementor-element-ffaa868 elementor-widget elementor-widget-heading\" data-id=\"ffaa868\" data-element_type=\"widget\" data-widget_type=\"heading.default\">\n\t\t\t\t<div class=\"elementor-widget-container\">\n\t\t\t<h4 class=\"elementor-heading-title elementor-size-default\">Tem por objetivo de levar pessoas a Jesus Cristo, \u00e0 sua Palavra e alertar sobre o seu retorno.<\/h4>\t\t<\/div>\n\t\t\t\t<\/div>\n\t\t\t\t<div class=\"elementor-element elementor-element-1054bdf elementor-widget elementor-widget-text-editor\" data-id=\"1054bdf\" data-element_type=\"widget\" data-widget_type=\"text-editor.default\">\n\t\t\t\t<div class=\"elementor-widget-container\">\n\t\t\t<style>\/*! elementor - v3.17.0 - 08-11-2023 *\/\n.elementor-widget-text-editor.elementor-drop-cap-view-stacked .elementor-drop-cap{background-color:#69727d;color:#fff}.elementor-widget-text-editor.elementor-drop-cap-view-framed .elementor-drop-cap{color:#69727d;border:3px solid;background-color:transparent}.elementor-widget-text-editor:not(.elementor-drop-cap-view-default) .elementor-drop-cap{margin-top:8px}.elementor-widget-text-editor:not(.elementor-drop-cap-view-default) .elementor-drop-cap-letter{width:1em;height:1em}.elementor-widget-text-editor .elementor-drop-cap{float:left;text-align:center;line-height:1;font-size:50px}.elementor-widget-text-editor .elementor-drop-cap-letter{display:inline-block}<\/style>\t\t\t\t<p>Nosso nome \u00e9 baseado em Mateus 25.6, no qual Jesus, com rela\u00e7\u00e3o \u00e0 sua segunda vinda, diz: \u201c\u00c0 meia-noite, ouviu-se um grito: O noivo se aproxima! Saiam para encontr\u00e1-lo!\u201d. Se voc\u00ea deseja saber mais sobre nossas convic\u00e7\u00f5es, <a href=\"http:\/\/www.chamada.com.br\/assets\/docs\/declaracao-de-fe-atual.pdf\">leia aqui a nossa Declara\u00e7\u00e3o de F\u00e9<\/a>.<\/p>\t\t\t\t\t\t<\/div>\n\t\t\t\t<\/div>\n\t\t\t\t<div class=\"elementor-element elementor-element-342f1c2 elementor-widget elementor-widget-video\" data-id=\"342f1c2\" data-element_type=\"widget\" data-settings=\"{&quot;youtube_url&quot;:&quot;https:\\\/\\\/youtu.be\\\/uzLXhJ9zOtw?si=njkBKZNgHR7p4nRd&quot;,&quot;video_type&quot;:&quot;youtube&quot;,&quot;controls&quot;:&quot;yes&quot;}\" data-widget_type=\"video.default\">\n\t\t\t\t<div class=\"elementor-widget-container\">\n\t\t\t<style>\/*! elementor - v3.17.0 - 08-11-2023 *\/\n.elementor-widget-video .elementor-widget-container{overflow:hidden;transform:translateZ(0)}.elementor-widget-video .elementor-wrapper{aspect-ratio:var(--video-aspect-ratio)}.elementor-widget-video .elementor-wrapper iframe,.elementor-widget-video .elementor-wrapper video{height:100%;width:100%;display:flex;border:none;background-color:#000}@supports not (aspect-ratio:1\/1){.elementor-widget-video .elementor-wrapper{position:relative;overflow:hidden;height:0;padding-bottom:calc(100% \/ var(--video-aspect-ratio))}.elementor-widget-video .elementor-wrapper iframe,.elementor-widget-video .elementor-wrapper video{position:absolute;top:0;right:0;bottom:0;left:0}}.elementor-widget-video .elementor-open-inline .elementor-custom-embed-image-overlay{position:absolute;top:0;right:0;bottom:0;left:0;background-size:cover;background-position:50%}.elementor-widget-video .elementor-custom-embed-image-overlay{cursor:pointer;text-align:center}.elementor-widget-video .elementor-custom-embed-image-overlay:hover .elementor-custom-embed-play i{opacity:1}.elementor-widget-video .elementor-custom-embed-image-overlay img{display:block;width:100%;aspect-ratio:var(--video-aspect-ratio);-o-object-fit:cover;object-fit:cover;-o-object-position:center center;object-position:center center}@supports not (aspect-ratio:1\/1){.elementor-widget-video .elementor-custom-embed-image-overlay{position:relative;overflow:hidden;height:0;padding-bottom:calc(100% \/ var(--video-aspect-ratio))}.elementor-widget-video .elementor-custom-embed-image-overlay img{position:absolute;top:0;right:0;bottom:0;left:0}}.elementor-widget-video .e-hosted-video .elementor-video{-o-object-fit:cover;object-fit:cover}.e-con-inner>.elementor-widget-video,.e-con>.elementor-widget-video{width:var(--container-widget-width);--flex-grow:var(--container-widget-flex-grow)}<\/style>\t\t<div class=\"elementor-wrapper elementor-open-inline\">\n\t\t\t<div class=\"elementor-video\"><\/div>\t\t<\/div>\n\t\t\t\t<\/div>\n\t\t\t\t<\/div>\n\t\t\t\t<div class=\"elementor-element elementor-element-5f8d4de elementor-widget elementor-widget-heading\" data-id=\"5f8d4de\" data-element_type=\"widget\" data-widget_type=\"heading.default\">\n\t\t\t\t<div class=\"elementor-widget-container\">\n\t\t\t<h4 class=\"elementor-heading-title elementor-size-default\">S\u00edmbolo<\/h4>\t\t<\/div>\n\t\t\t\t<\/div>\n\t\t\t\t<div class=\"elementor-element elementor-element-c7e9a5b elementor-widget elementor-widget-text-editor\" data-id=\"c7e9a5b\" data-element_type=\"widget\" data-widget_type=\"text-editor.default\">\n\t\t\t\t<div class=\"elementor-widget-container\">\n\t\t\t\t\t\t\t<p>O s\u00edmbolo da Chamada \u00e9 uma cruz projetada no centro, ao mesmo tempo semelhante a uma antena de r\u00e1dio. Desta antena saem tr\u00eas ondas, simbolizando a divulga\u00e7\u00e3o do evangelho, podendo tamb\u00e9m ser vistas como uma refer\u00eancia \u00e0 Trindade. Por fim, a base sobre a qual a torre de transmiss\u00e3o se encontra \u00e9 uma B\u00edblia aberta.<\/p>\t\t\t\t\t\t<\/div>\n\t\t\t\t<\/div>\n\t\t\t\t<div class=\"elementor-element elementor-element-ce5f682 elementor-widget elementor-widget-heading\" data-id=\"ce5f682\" data-element_type=\"widget\" data-widget_type=\"heading.default\">\n\t\t\t\t<div class=\"elementor-widget-container\">\n\t\t\t<h4 class=\"elementor-heading-title elementor-size-default\">Hist\u00f3ria<\/h4>\t\t<\/div>\n\t\t\t\t<\/div>\n\t\t\t\t<div class=\"elementor-element elementor-element-84b6dae elementor-widget elementor-widget-text-editor\" data-id=\"84b6dae\" data-element_type=\"widget\" data-widget_type=\"text-editor.default\">\n\t\t\t\t<div class=\"elementor-widget-container\">\n\t\t\t\t\t\t\t<p>Em 1955, na Su\u00ed\u00e7a, o evangelista Wim Malgo e seu amigo Willy Straumann fundaram a Chamada da Meia-Noite para, a princ\u00edpio, alcan\u00e7ar \u2013 atrav\u00e9s de programas de r\u00e1dio \u2013 as pessoas que n\u00e3o iam aos grandes eventos de evangeliza\u00e7\u00e3o. As primeiras transmiss\u00f5es foram ao ar \u00e0 meia-noite pela\u00a0<em>R\u00e1dio Tanger<\/em>. Logo veio um n\u00famero surpreendente de respostas e apoio da Europa e da \u00c1frica.<\/p><p>No come\u00e7o do inverno de 1961, os primeiros mission\u00e1rios da Chamada viajaram \u00e0 Bol\u00edvia e foram seguidos por outros, alcan\u00e7ando cada vez mais pa\u00edses na Am\u00e9rica do Sul, inclusive o Brasil.<\/p>\t\t\t\t\t\t<\/div>\n\t\t\t\t<\/div>\n\t\t\t\t<div class=\"elementor-element elementor-element-8a17045 elementor-widget elementor-widget-heading\" data-id=\"8a17045\" data-element_type=\"widget\" data-widget_type=\"heading.default\">\n\t\t\t\t<div class=\"elementor-widget-container\">\n\t\t\t<h4 class=\"elementor-heading-title elementor-size-default\">Brasil<\/h4>\t\t<\/div>\n\t\t\t\t<\/div>\n\t\t\t\t<div class=\"elementor-element elementor-element-0098337 elementor-widget elementor-widget-text-editor\" data-id=\"0098337\" data-element_type=\"widget\" data-widget_type=\"text-editor.default\">\n\t\t\t\t<div class=\"elementor-widget-container\">\n\t\t\t\t\t\t\t<p>Quando Wim Malgo e os outros l\u00edderes da miss\u00e3o perguntaram a Dieter e Helga Steiger, no final de 1964, se estavam preparados para ir ao Brasil e l\u00e1 come\u00e7ar um minist\u00e9rio, o Senhor j\u00e1 havia dirigido o olhar do irm\u00e3o Dieter para a regi\u00e3o atrav\u00e9s de uma campanha mission\u00e1ria. Ap\u00f3s um per\u00edodo de prepara\u00e7\u00e3o, eles viajaram em fevereiro de 1965. Antes da viagem, Wim Malgo lhes havia dado o melhor conselho para a nova etapa: \u201cOrem bastante\u201d.<\/p><p>Em 1968, Werner e \u00darsula Beitze, que hoje dirigem a Chamada na Guatemala, e Renate Linder, que j\u00e1 est\u00e1 com o Senhor, juntaram-se ao casal Steiger. Esta pequena equipe, que dirigia evangeliza\u00e7\u00f5es em capelas, sal\u00f5es de baile, hot\u00e9is e escolas, fundou oficialmente a Chamada no Brasil no dia 26 de outubro de 1968, contando com a presen\u00e7a de Wim Malgo.<\/p><p>O ano de 2016 foi marcado pelo retorno do querido irm\u00e3o e fundador Dieter Steiger para a Alemanha, sua terra natal. Ap\u00f3s a morte de sua amada esposa, Helga, decidiu viver seus \u00faltimos anos perto de sua fam\u00edlia, na expectativa do iminente retorno do Senhor, nossa \u201cbendita esperan\u00e7a\u201d (Tt 2.13).<\/p><p>Atualmente, depois de 50 anos no Brasil, a Chamada continua servindo a igreja brasileira atrav\u00e9s da produ\u00e7\u00e3o de literatura crist\u00e3 (livros, revistas e folhetos); da organiza\u00e7\u00e3o de confer\u00eancias sobre a palavra prof\u00e9tica (desde 1999); da realiza\u00e7\u00e3o de viagens a Israel e \u00e0 Europa, levando as pessoas aos locais em que os relatos b\u00edblicos e momentos importantes na hist\u00f3ria da igreja ocorreram (desde 2008); e da oferta de cursos b\u00edblicos atrav\u00e9s de aulas gravadas e ao vivo (1979-1990, 2018-presente).<\/p><p>Todo o nosso trabalho \u00e9 realizado por uma equipe dedicada e capacitada pelo Senhor Jesus Cristo. Ore pela Chamada, para que mais pessoas sejam alcan\u00e7adas pela mensagem de salva\u00e7\u00e3o e edifica\u00e7\u00e3o \u2013 at\u00e9 que Jesus volte!<\/p>\t\t\t\t\t\t<\/div>\n\t\t\t\t<\/div>\n\t\t\t\t\t<\/div>\n\t\t<\/div>\n\t\t\t\t<div class=\"elementor-column elementor-col-33 elementor-top-column elementor-element elementor-element-47b3f62\" data-id=\"47b3f62\" data-element_type=\"column\">\n\t\t\t<div class=\"elementor-widget-wrap elementor-element-populated\">\n\t\t\t\t\t\t\t\t<div class=\"elementor-element elementor-element-ab9e669 elementor-widget elementor-widget-text-editor\" data-id=\"ab9e669\" data-element_type=\"widget\" data-widget_type=\"text-editor.default\">\n\t\t\t\t<div class=\"elementor-widget-container\">\n\t\t\t\t\t\t\t<p><strong>Fundador (Internacional)<\/strong>:<br \/>Wim Malgo (1922-1992)<br \/><strong>Fundador (Brasil)<\/strong>: <br \/>Dieter Steiger<br \/><strong>Presidente<\/strong>: <br \/>Markus Steiger<br \/><strong>Vice-Presidente<\/strong>: <br \/>Ingo Haake<\/p><p><strong>Correspond\u00eancias<br \/><\/strong>Rua Erechim, 978<br \/>Bairro Nonoai<br \/>CEP: 90830-000<br \/>Porto Alegre\/RS | Brasil<br \/>Telefone: (51) 98594-1960<br \/><a href=\"mailto:pedidos@chamada.com.br\">pedidos@chamada.com.br<\/a><\/p>\t\t\t\t\t\t<\/div>\n\t\t\t\t<\/div>\n\t\t\t\t\t<\/div>\n\t\t<\/div>\n\t\t\t\t\t\t\t<\/div>\n\t\t<\/section>\n\t\t\t\t<section class=\"elementor-section elementor-top-section elementor-element elementor-element-1dadacb elementor-section-boxed elementor-section-height-default elementor-section-height-default\" data-id=\"1dadacb\" data-element_type=\"section\" data-settings=\"{&quot;background_background&quot;:&quot;classic&quot;}\">\n\t\t\t\t\t\t<div class=\"elementor-container elementor-column-gap-no\">\n\t\t\t\t\t<div class=\"elementor-column elementor-col-100 elementor-top-column elementor-element elementor-element-7aa7496\" data-id=\"7aa7496\" data-element_type=\"column\">\n\t\t\t<div class=\"elementor-widget-wrap elementor-element-populated\">\n\t\t\t\t\t\t\t\t<section class=\"elementor-section elementor-inner-section elementor-element elementor-element-a32930e elementor-section-boxed elementor-section-height-default elementor-section-height-default\" data-id=\"a32930e\" data-element_type=\"section\">\n\t\t\t\t\t\t<div class=\"elementor-container elementor-column-gap-no\">\n\t\t\t\t\t<div class=\"elementor-column elementor-col-100 elementor-inner-column elementor-element elementor-element-09d1bd9\" data-id=\"09d1bd9\" data-element_type=\"column\">\n\t\t\t<div class=\"elementor-widget-wrap elementor-element-populated\">\n\t\t\t\t\t\t\t\t<div class=\"elementor-element elementor-element-da0d639 elementor-widget elementor-widget-heading\" data-id=\"da0d639\" data-element_type=\"widget\" data-widget_type=\"heading.default\">\n\t\t\t\t<div class=\"elementor-widget-container\">\n\t\t\t<h2 class=\"elementor-heading-title elementor-size-default\">Contribua com este minist\u00e9rio<\/h2>\t\t<\/div>\n\t\t\t\t<\/div>\n\t\t\t\t<div class=\"elementor-element elementor-element-4f4bb8d elementor-widget elementor-widget-text-editor\" data-id=\"4f4bb8d\" data-element_type=\"widget\" data-widget_type=\"text-editor.default\">\n\t\t\t\t<div class=\"elementor-widget-container\">\n\t\t\t\t\t\t\t<p>Realizamos a obra com poucos recursos e precisamos do seu apoio para mant\u00ea-lo e expandi-lo. Ajude-nos a alcan\u00e7ar mais pessoas com a Palavra de Deus!<\/p>\t\t\t\t\t\t<\/div>\n\t\t\t\t<\/div>\n\t\t\t\t<div class=\"elementor-element elementor-element-65e850c elementor-widget elementor-widget-button\" data-id=\"65e850c\" data-element_type=\"widget\" data-widget_type=\"button.default\">\n\t\t\t\t<div class=\"elementor-widget-container\">\n\t\t\t\t\t<div class=\"elementor-button-wrapper\">\n\t\t\t<a class=\"elementor-button elementor-button-link elementor-size-sm\" href=\"https:\/\/doe.chamada.com.br\/\">\n\t\t\t\t\t\t<span class=\"elementor-button-content-wrapper\">\n\t\t\t\t\t\t<span class=\"elementor-button-text\">Doe agora<\/span>\n\t\t<\/span>\n\t\t\t\t\t<\/a>\n\t\t<\/div>\n\t\t\t\t<\/div>\n\t\t\t\t<\/div>\n\t\t\t\t\t<\/div>\n\t\t<\/div>\n\t\t\t\t\t\t\t<\/div>\n\t\t<\/section>\n\t\t\t\t\t<\/div>\n\t\t<\/div>\n\t\t\t\t\t\t\t<\/div>\n\t\t<\/section>\n\t\t\t\t\t\t\t<\/div>\n\t\t","protected":false},"excerpt":{"rendered":"<p>Quem somos A Obra Mission\u00e1ria Chamada da Meia-Noite \u00e9 um minist\u00e9rio interdenominacional Tem por objetivo de levar pessoas a Jesus Cristo, \u00e0 sua Palavra e alertar sobre o seu retorno. Nosso nome \u00e9 baseado em Mateus 25.6, no qual Jesus, com rela\u00e7\u00e3o \u00e0 sua segunda vinda, diz: \u201c\u00c0 meia-noite, ouviu-se um grito: O noivo se &hellip;<\/p>\n<p class=\"read-more\"> <a class=\"\" href=\"https:\/\/sarves.com.br\/chamada\/quem-somos\/\"> <span class=\"screen-reader-text\">Quem somos<\/span> Leia mais &raquo;<\/a><\/p>\n","protected":false},"author":1,"featured_media":0,"parent":0,"menu_order":0,"comment_status":"closed","ping_status":"closed","template":"","meta":{"inline_featured_image":false,"site-sidebar-layout":"no-sidebar","site-content-layout":"page-builder","ast-site-content-layout":"","site-content-style":"default","site-sidebar-style":"default","ast-global-header-display":"","ast-banner-title-visibility":"","ast-main-header-display":"","ast-hfb-above-header-display":"","ast-hfb-below-header-display":"","ast-hfb-mobile-header-display":"","site-post-title":"disabled","ast-breadcrumbs-content":"disabled","ast-featured-img":"disabled","footer-sml-layout":"","theme-transparent-header-meta":"default","adv-header-id-meta":"","stick-header-meta":"","header-above-stick-meta":"","header-main-stick-meta":"","header-below-stick-meta":"","astra-migrate-meta-layouts":"","ast-page-background-enabled":"default","ast-page-background-meta":{"desktop":{"background-color":"","background-image":"","background-repeat":"repeat","background-position":"center center","background-size":"auto","background-attachment":"scroll","background-type":"","background-media":"","overlay-type":"","overlay-color":"","overlay-gradient":""},"tablet":{"background-color":"","background-image":"","background-repeat":"repeat","background-position":"center center","background-size":"auto","background-attachment":"scroll","background-type":"","background-media":"","overlay-type":"","overlay-color":"","overlay-gradient":""},"mobile":{"background-color":"","background-image":"","background-repeat":"repeat","background-position":"center center","background-size":"auto","background-attachment":"scroll","background-type":"","background-media":"","overlay-type":"","overlay-color":"","overlay-gradient":""}},"ast-content-background-meta":{"desktop":{"background-color":"var(--ast-global-color-5)","background-image":"","background-repeat":"repeat","background-position":"center center","background-size":"auto","background-attachment":"scroll","background-type":"","background-media":"","overlay-type":"","overlay-color":"","overlay-gradient":""},"tablet":{"background-color":"var(--ast-global-color-5)","background-image":"","background-repeat":"repeat","background-position":"center center","background-size":"auto","background-attachment":"scroll","background-type":"","background-media":"","overlay-type":"","overlay-color":"","overlay-gradient":""},"mobile":{"background-color":"var(--ast-global-color-5)","background-image":"","background-repeat":"repeat","background-position":"center center","background-size":"auto","background-attachment":"scroll","background-type":"","background-media":"","overlay-type":"","overlay-color":"","overlay-gradient":""}},"footnotes":""},"acf":[],"_links":{"self":[{"href":"https:\/\/sarves.com.br\/chamada\/wp-json\/wp\/v2\/pages\/323"}],"collection":[{"href":"https:\/\/sarves.com.br\/chamada\/wp-json\/wp\/v2\/pages"}],"about":[{"href":"https:\/\/sarves.com.br\/chamada\/wp-json\/wp\/v2\/types\/page"}],"author":[{"embeddable":true,"href":"https:\/\/sarves.com.br\/chamada\/wp-json\/wp\/v2\/users\/1"}],"replies":[{"embeddable":true,"href":"https:\/\/sarves.com.br\/chamada\/wp-json\/wp\/v2\/comments?post=323"}],"version-history":[{"count":25,"href":"https:\/\/sarves.com.br\/chamada\/wp-json\/wp\/v2\/pages\/323\/revisions"}],"predecessor-version":[{"id":3702,"href":"https:\/\/sarves.com.br\/chamada\/wp-json\/wp\/v2\/pages\/323\/revisions\/3702"}],"wp:attachment":[{"href":"https:\/\/sarves.com.br\/chamada\/wp-json\/wp\/v2\/media?parent=323"}],"curies":[{"name":"wp","href":"https:\/\/api.w.org\/{rel}","templated":true}]}}